813?
8
What is the units digit of 7716?
6
What is the ten thousands digit of 87603?
8
What is the thousands digit of 55819?
5
What is the tens digit of 49?
4
What is the units digit of 8197?
7
What is the hundreds digit of 9397?
3
What is the thousands digit of 1915?
1
What is the tens digit of 16174?
7
What is the tens digit of 1659?
5
What is the tens digit of 5529?
2
What is the ten thousands digit of 19749?
1
What is the hundreds digit of 1447?
4
What is the tens digit of 421?
2
What is the thousands digit of 4432?
4
What is the units digit of 22907?
7
What is the hundreds digit of 20338?
3
What is the units digit of 18461?
1
What is the ten thousands digit of 16993?
1
What is the tens digit of 8293?
9
What is the tens digit of 30133?
3
What is the hundreds digit of 8802?
8
What is the hundreds digit of 4376?
3
What is the thousands digit of 77413?
7
What is the units digit of 4917?
7
What is the hundreds digit of 4002?
0
What is the units digit of 86376?
6
What is the hundreds digit of 2647?
6
What is the tens digit of 22760?
6
What is the units digit of 23519?
9
What is the ten thousands digit of 48142?
4
What is the tens digit of 6957?
5
What is the ten thousands digit of 25866?
2
What is the ten thousands digit of 33094?
3
What is the tens digit of 1582?
8
What is the tens digit of 11762?
6
What is the units digit of 15214?
4
What is the hundreds digit of 1434?
4
What is the hundreds digit of 921?
9
What is the thousands digit of 44556?
4
What is the tens digit of 4472?
7
What is the tens digit of 4084?
8
What is the thousands digit of 3195?
3
What is the hundreds digit of 5708?
7
What is the units digit of 1114?
4
What is the tens digit of 30564?
6
What is the units digit of 6064?
4
What is the units digit of 155?
5
What is the ten thousands digit of 10000?
1
What is the units digit of 372?
2
What is the tens digit of 25853?
5
What is the units digit of 1057?
7
What is the thousands digit of 1555?
1
What is the units digit of 121340?
0
What is the tens digit of 515?
1
What is the thousands digit of 93313?
3
What is the thousands digit of 8249?
8
What is the hundreds digit of 1274?
2
What is the units digit of 674?
4
What is the tens digit of 1372?
7
What is the hundred thousands digit of 163595?
1
What is the hundreds digit of 9963?
9
What is the units digit of 18217?
7
What is the thousands digit of 5064?
5
What is the hundreds digit of 663?
6
What is the units digit of 3780?
0
What is the ten thousands digit of 20067?
2
What is the tens digit of 13471?
7
What is the tens digit of 7640?
4
What is the hundreds digit of 8067?
0
What is the ten thousands digit of 10611?
1
What is the hundreds digit of 3998?
9
What is the ten thousands digit of 67170?
6
What is the hundreds digit of 13555?
5
What is the hundreds digit of 471?
4
What is the tens digit of 1150?
5
What is the hundreds digit of 9660?
6
What is the units digit of 144?
4
What is the hundreds digit of 3022?
0
What is the tens digit of 7182?
8
What is the units digit of 136?
6
What is the units digit of 294?
4
What is the units digit of 4681?
1
What is the thousands digit of 7460?
7
What is the thousands digit of 1034?
1
What is the units digit of 1868?
8
What is the tens digit of 4983?
8
What is the tens digit of 3860?
6
What is the units digit of 61630?
0
What is the thousands digit of 1069?
1
What is the tens digit of 15428?
2
What is the thousands digit of 43012?
3
What is the tens digit of 236?
3
What is the units digit of 1510?
0
What is the tens digit of 2278?
7
What is the tens digit of 1365?
6
What is the thousands digit of 32453?
2
What is the hundreds digit of 950?
9
What is the hundreds digit of 8026?
0
What is the tens digit of 11?
1
What is the units digit of 62441?
1
What is the hundreds digit of 908?
9
What is the hundreds digit of 2514?
5
What is the tens digit of 14245?
4
What is the hundreds digit of 12847?
8
What is the units digit of 45697?
7
What is the units digit of 214?
4
What is the hundreds digit of 676?
6
What is the hundreds digit of 122410?
4
What is the tens digit of 13222?
2
What is the thousands digit of 9175?
9
What is the tens digit of 6865?
6
What is the tens digit of 5341?
4
What is the thousands digit of 8166?
8
What is the hundreds digit of 1124?
1
What is the units digit of 1627?
7
What is the units digit of 33487?
7
What is the units digit of 1106?
6
What is the ten thousands digit of 84776?
8
What is the tens digit of 8868?
6
What is the units digit of 32670?
0
What is the units digit of 6552?
2
What is the thousands digit of 3179?
3
What is the hundreds digit of 359?
3
What is the units digit of 877?
7
What is the units digit of 1473?
3
What is the tens digit of 2249?
4
What is the thousands digit of 26456?
6
What is the units digit of 2736?
6
What is the thousands digit of 21174?
1
What is the hundreds digit of 7965?
9
What is the units digit of 2083?
3
What is the tens digit of 699?
9
What is the hundreds digit of 823?
8
What is the units digit of 467?
7
What is the units digit of 104881?
1
What is the units digit of 619?
9
What is the units digit of 509?
9
What is the hundreds digit of 24991?
9
What is the units digit of 2262?
2
What is the thousands digit of 5460?
5
What is the hundreds digit of 452?
4
What is the hundreds digit of 732?
7
What is the hundreds digit of 44399?
3
What is the thousands digit of 10663?
0
What is the thousands digit of 2556?
2
What is the thousands digit of 149170?
9
What is the thousands digit of 15038?
5
What is the tens digit of 89621?
2
What is the thousands digit of 21274?
1
What is the ten thousands digit of 23790?
2
What is the units digit of 7750?
0
What is the units digit of 6368?
8
What is the units digit of 21134?
4
What is the hundreds digit of 9912?
9
What is the thousands digit of 2101?
2
What is the hundreds digit of 111853?
8
What is the hundreds digit of 31390?
3
What is the hundreds digit of 19098?
0
What is the tens digit of 5683?
8
What is the units digit of 1492?
2
What is the tens digit of 922?
2
What is the units digit of 2797?
7
What is the ten thousands digit of 86395?
8
What is the hundreds digit of 578?
5
What is the hundreds digit of 8457?
4
What is the ten thousands digit of 94412?
9
What is the tens digit of 126419?
1
What is the hundreds digit of 6155?
1
What is the hundreds digit of 501?
5
What is the hundreds digit of 212?
2
What is the thousands digit of 1852?
1
What is the units digit of 78343?
3
What is the tens digit of 5355?
5
What is the hundreds digit of 753?
7
What is the tens digit of 24918?
1
What is the thousands digit of 1730?
1
What is the hundreds digit of 3144?
1
What is the hundreds digit of 382?
3
What is the hundreds digit of 804?
8
What is the hundreds digit of 46379?
3
What is the tens digit of 2862?
6
What is the units digit of 10858?
8
What is the hundreds digit of 13328?
3
What is the units digit of 286?
6
What is the hundreds digit of 8354?
3
What is the units digit of 18125?
5
What is the hundreds digit of 166?
1
What is the thousands digit of 7093?
7
What is the tens digit of 103?
0
What is the tens digit of 4734?
3
What is the tens digit of 667?
6
What is the units digit of 21728?
8
What is the thousands digit of 5694?
5
What is the hundreds digit of 4925?
9
What is the units digit of 4151?
1
What is the tens digit of 3922?
2
What is the hundreds digit of 56667?
6
What is the hundreds digit of 809?
8
What is the ten thousands digit of 51509?
5
What is the units digit of 167?
7
What is the thousands digit of 14522?
4
What is the ten thousands digit of 92961?
9
What is the hundreds digit of 59808?
8
What is the tens digit of 912?
1
What is the tens digit of 9013?
1
What is the units digit of 40850?
0
What is the units digit of 43101?
1
What is the thousands digit of 1843?
1
What is the tens digit of 16911?
1
What is the tens digit of 3159?
5
What is the tens digit of 444?
4
What is the thousands digit of 87848?
7
What is the tens digit of 2002?
0
What is the units digit of 16222?
2
What is the thousands digit of 81969?
1
What is the thousands digit of 98869?
8
What is the tens digit of 1201?
0
What is the hundreds digit of 196?
1
What is the thousands digit of 123372?
3
What is the thousands digit of 2085?
2
What is the tens digit of 2119?
1
W